 -8 + 0 - -3 - 0?
-5
1 - (8 - 6 - 6)
5
What is the value of (-1 - (4 - 3)) + 5 + -2?
1
Evaluate (-2 - 1) + (6 - 5).
-2
What is 2 + (-2 - -7) + -14 + 12?
5
Evaluate (16 - 5) + -15 + 2.
-2
(7 - -1) + (-3 - -6 - 8)
3
-105 - -116 - (2 - -1)
8
Evaluate 1 + 0 - 5 - -9.
5
-4 - (-1 + -2) - -2
1
What is (3 - 0) + (8 + 5 - 8)?
8
What is 6 + 4 - (5 + -1)?
6
Evaluate -3 - (1 + -2 + -3 + 5).
-4
What is the value of 3 - (-5 + (4 - -3) - -1)?
0
Evaluate (-7 + 5 - (2 - 0)) + -1.
-5
Evaluate -7 + (15 - (15 + -7)).
0
Evaluate 2 + 2 + (0 - 3).
1
What is 20 + -14 - (-1 + 6)?
1
Calculate 5 + -4 + -10 + 6.
-3
Calculate -1 - (1 + (-1 - 2)).
1
What is the value of -2 - -9 - (1 + 2)?
4
Evaluate -1 - 3 - (3 - (-11 + 18)).
0
Evaluate (-6 - (1 + -3)) + (5 - 3).
-2
1 - 0 - (2 - 1)
0
Calculate -2 + -2 - ((-1 - 0) + -3).
0
What is -7 + 6 + (-1 - (-2 + 3))?
-3
Calculate -2 - -1 - (10 - (6 + -1)).
-6
Evaluate 1 + -11 + 3 + 6.
-1
Evaluate -5 - -12 - 6 - (1 + -5).
5
What is the value of 4 - 6 - 0 - -6?
4
What is (2 + 3 - 4) + -4?
-3
What is the value of 5 - 2 - (-2 - -1) - 0?
4
What is 0 + 1 - (9 + -5)?
-3
What is the value of -7 + (-1 - (-2 - 7))?
1
Evaluate -4 - ((1 - 8) + 13) - -3.
-7
What is the value of 7 + -2 + -1 + -3?
1
-10 + (12 - 11) + 10
1
Evaluate (0 - 1) + (-1 - 1) - -4.
1
16 - 21 - (0 - 1)
-4
What is the value of 9 + 6 + -11 - 11?
-7
Calculate -4 + -14 + 20 + (-5 - -6).
3
Evaluate -8 + 5 + -1 + 1 + 0.
-3
Calculate 5 + (19 - 14) + (0 - 10).
0
6 - ((22 - 11) + 5)
-10
What is 0 + 3 + 4 + -14?
-7
Calculate 8 - -2 - (9 + (-8 - -5)).
4
Calculate 15 + -17 + (7 - 2).
3
Calculate 8 + -5 + -2 + (1 - 5).
-3
What is 3 - -4 - 0 - 5?
2
Evaluate (-5 - -2) + (-10 - (-16 - -9)).
-6
10 - (6 + 17) - (-2 + -5)
-6
7 + -9 - (0 + -6) - 9
-5
Evaluate 18 + -32 + (3 - 0) + 2.
-9
Evaluate -9 + (2 - (-13 + 6)).
0
-4 + 3 + (-3 - -2)
-2
What is -5 + (-1 - 2) + 4?
-4
Calculate 1 + (-7 - -5) + (11 - 8).
2
Evaluate -3 - (4 - 7) - (1 - 0).
-1
What is (10 + -3 - (-1 + 4)) + 4?
8
What is the value of -3 - (5 - 10 - (4 + -4))?
2
Evaluate (1 - -6) + 0 - 13.
-6
(3 - (-1 - (-2 - 1))) + 1
2
What is 1 - -1 - 1 - (-2 + 3)?
0
Evaluate 6 - ((1 - -3) + 0 - -10).
-8
What is the value of (-6 - (-8 - -3)) + -1 + 0?
-2
Calculate 0 + 4 + -10 + 0 - -3.
-3
What is the value of -12 + 4 + 3 - (1 - 3)?
-3
Calculate 4 - (7 + (-2 - -5 - 5)).
-1
What is the value of (3 - 5) + -1 + 6?
3
Evaluate -6 + -2 + 1 + 3.
-4
Evaluate -9 + -1 + 4 + 2.
-4
What is the value of 19 + -14 + -10 + 0 + 3?
-2
Calculate -38 + 30 - (0 - (-1 + 3)).
-6
What is the value of 3 + 2 + 0 + (-4 - -3)?
4
Evaluate 3 - (-4 - (1 + -5)).
3
Evaluate -5 + 0 - (-90 - -82).
3
-1 + 8 - (3 - -1)
3
Evaluate (-4 - (-9 - 0)) + -1.
4
Calculate -8 + (1 - -6) - (-1 - 1).
1
What is the value of 0 + (10 - (6 - 2))?
6
2 - ((-2 - -3) + 9 + -10)
2
What is 1 + 1 + -7 + -1?
-6
Evaluate 13 - (6 + 1) - (3 + 0).
3
Calculate 0 + 0 - (-13 + 10).
3
Evaluate 1 + -2 + 4 + 5.
8
What is 0 - (4 + -4) - -4 - 0?
4
Calculate -1 + (11 - (-7 + 8)).
9
Calculate -2 - (-5 - -9) - -2.
-4
What is the value of 12 - 15 - (-1 - -3)?
-5
What is -8 + 1 - (22 - 24)?
-5
Evaluate -3 + (-1 - 3 - -3).
-4
Calculate 1 - (-5 - -2 - (-9 - -3)).
-2
-9 + 1 + 2 - -11
5
Evaluate 9 + 0 + -5 + 0.
4
Calculate 5 - ((0 - (6 - 2)) + 0).
9
What is 1 - (7 + -4 - (-3 - -9))?
4
-8 - (7 + -12 - 2)
-1
What is -1 + (5 - 9 - (-9 + 6))?
-2
What is the value of 2 + (2 - 1) + -2 + -4?
-3
What is the value of -1 - 4 - (-32 - -31)?
-4
Calculate -3 + (-1 - (-7 + 5 - 2)).
0
(12 - (-5 + 7)) + -4
6
Calculate 300 - 306 - (2 - 0).
-8
What is (-3 - -6 - 6) + -3?
-6
What is the value of (-1 - (-2 + 1)) + -3?
-3
What is 3 + (-1 + 3 + -8 - 0)?
-3
Evaluate 10 + -6 + -8 + -1 + -2.
-7
Evaluate -4 - (4 - (-7 - -3 - -13)).
1
Evaluate -2 + 1 + -1 - 2.
-4
Calculate 1 + -3 - (3 + -8).
3
(6 - (-3 - -10)) + 5
4
What is -2 + 4 - (-6 - -4)?
4
What is the value of (-133 - -124) + (0 - -3)?
-6
What is the value of 2 + (7 + -5 - 3)?
1
What is (4 - (5 + 2)) + 6?
3
-4 + 8 - 6 - -11
9
What is the value of (1 - -3) + -4 - (19 + -13)?
-6
What is -1 - (1 - -5) - (-67 + 61)?
-1
3 + -2 + -2 + 5 + -1
3
What is the value of -11 - (-15 - (-26 + 12))?
-10
Evaluate -20 + 16 + -6 + -2 + 2.
-10
What is the value of -2 - -7 - (-2 + 8 + -7)?
6
What is 4 - (4 - 3 - -1)?
2
What is the value of (-11 - -10) + -2 + 8?
5
-5 + -2 + -3 + 4
-6
(-8 - (-7 + -5)) + 3
7
Calculate 4 + -5 + 4 + -2.
1
Evaluate -2 - (-9 - -3) - (1 + 5).
-2
0 - 4 - (-41 - -41)
-4
What is the value of 3 - -2 - 6 - 3?
-4
Evaluate 8 - (2 - (2 - 8)).
0
What is the value of 31 + -25 - (3 - 1)?
4
What is -1 + 3 + -1 + 4?
5
What is (2 - 11) + -3 - -5?
-7
Evaluate 7 + (-2 - -5 - -1) + -6.
5
What is the value of (-2 - (1 - -1)) + -13 + 16?
-1
What is the value of -2 - -1 - (-2 + -3)?
4
Calculate -1 + 5 + 4 + -5.
3
What is 6 + 6 + (-9 - 4 - -6)?
5
-7 - (4 + -3 + -4)
-4
Calculate 19 - (11 - (11 - 11)).
8
What is the value of 21 + -19 + -6 + 2 + 0?
-2
What is the value of -6 + (6 - (-4 - 3))?
7
Evaluate 7 + -4 + 3 + (-4 - -3).
5
What is the value of 2 + -3 + (0 - -4)?
3
Calculate 2 + 5 + (-7 - -3 - 6).
-3
Calculate 18 + -22 + -2 + 2.
-4
Calculate (0 - -12) + (9 - 19).
2
Evaluate 1 + (-2 - (5 - 2)) + 6.
2
What is the value of (0 - -4) + -3 + 5 - 5?
1
(11 - 3) + (2 + -11 - -5)
4
Calculate (-2 + 7 - 4) + -7 + 4.
-2
What is 12 - (5 + 5 + -4)?
6
Evaluate 5 + -6 - (-1 + (4 - 2)).
-2
What is the value of 0 + (-2 + -8 - -5)?
-5
Calculate 6 + 6 + -3 + -8.
1
Calculate (-3 - -3) + (-1 - -7) + 1.
7
What is 2 - (-7 - (-5 + 4)) - 1?
7
What is -2 - (-2 + (-2 - 2))?
4
Calculate (7 - 1) + (-9 + -14 - -10).
-7
Evaluate (-3 - 2 - -16) + -5.
6
Evaluate 4 - ((2 - -14) + -2 + -4).
-6
What is the value of 2 - (0 + -1 + 3)?
0
(16 + -4 - 10) + 0 + 0
2
Calculate 12 - (14 + -4) - 1.
1
What is the value of 4 + -2 - (8 - 5 - 1)?
0
Calculate (-2 - -4 - -2) + -14 + 17.
7
Evaluate 9 + 3 + -3 + -4.
5
What is 1 + 0 + 1 + -4 + 1?
-1
Evaluate -13 - (-3 + -5) - 1.
-6
What is the value of -16 + 7 + (-2 - -13)?
2
What is -1 + 8 - (6 - 1)?
2
What is (14 - 11) + (0 - 5)?
-2
What is the value of (44 - 50) + (4 - -2)?
0
Evaluate 17 - 1 - (3 - (26 - 30)).
9
What is the value of (5 + 0 - (22 + -9)) + 1?
-7
6 - (-10 + 13) - 1
2
7 + 1 - (-51 + 23 + 29)
7
4 + (7 - (18 - 4))
-3
18 - (8 - 8 - -8)
10
-5 - (2 + (0 - -1) - 16)
8
What is -3 + 9 + -13 - -4?
-3
Evaluate 6 + -5 - (-5 + 5).
1
What is the value of 1 + -2 + -1 + 0?
-2
Evaluate 3 - 5 - 0 - 3.
-5
Calculate 3 + 10 + -11 - (4 - 1).
-1
Calculate (3 - (-6 - -5 - -2)) + -2.
0
Evaluate -3 - -2 - (3 - (-1 + 6)).
1
Evaluate 11 + (6 - 8) - 4.
5
What is the value of -5 - (-5 - 0) - 0 - 10?
-10
Evaluate -1 + 6 - (4 + -2).
3
1 + -3 + (4 - -1) + 0
3
Calculate -4 - ((-2 - 4) + -2).
4
2 + 5 + -6 + 5 + -1
5
Evaluate -8 - (-18 + 15 - (0 + 2)).
-3
Evaluate 8 - 3 - (-18 - -16).
7
What is 4 + 1 + 1 + -5?
1
What is -4 + -1 + 4 + 0?
-1
Evaluate (-6 - -4) + 7 + -3.
2
What is 2 + 6 - (4 + -4) - -3?
11
Evaluate 49 + -44 + (0 - 1 - -1).
5
What is the value of (0 - 9) + (69 - 61)?
-1
3 - 12 - -21 - 8
4
What is (9 + -1 - 1) + (-3 - 0)?
4
1 + -2 - (-2 + 4 + -2)
-1
What is 1 + 1 + (-4 - -6)?
4
(-6 - (5 - 10)) + (-4 - -8)
3
What is (1 + 0 - 2) + -3?
-4
Calculate -1 + 13 - 14 - (1 - 2).
-1
-1 + (8 - 3 - 4) - -4
4
-13 - -19 - (-5 - -2)
9
Calculate 3 - ((-11 - -5) + 12 - 5).
2
Evaluate (0 - 2) + (1 - (11 - 16)).
4
Evaluate -5 - (-3 + (-1 - 2) + -3).
4
Evaluate 7 + (2 - (4 - -1)).
4
Evaluate (-5 - -4) + 0 - -3 - 1.
1
Calculate -1 + 14 - (51 + -43).
5
(-18 - 0 - -8) + 14
4
(-2 - -1) + (-4 - -3) + 6
4
What is the value of 5 + (1 - 2 - 6)?
-2
21 - 12 - (7 - 2 - 6)
10
What is (11 + -13 - (-1 - -1)) + 8?
6
Evaluate -8 - 0 - (3 + (-17 - -12)).
-6
Calculate (-2 + 2 - 2) + 4 + -7.
-5
What is the value of 1 + 0 - (-12 + 9)?
4
Calculate 1 + -1 + (-16 - (-6 + -5)).
-5
What is 7 - ((-1 - (4 - 11)) + -7)?
8
Calculate (-12 - -1) + 14 - 4.
-1
What is the value of -3 + (-1 + -2 + 2 - 1)?
-5
What is 8 + (8 - 6) + -3 + -6?
1
Evaluate (0 - 2 - (2 + -1)) + 0.
-3
Evaluate 1 - (4 - 3 - -2 - 8).
6
Calculate -5 + (8 - 3) + 0.
0
Calculate -2 - (13 - (10 + -4)).
-9
What is the value of -6 + 1 + 2 + 6 - 3?
0
Calculate 2 + 1 + -3 + 4.
4
What is -3 + -2 + 0 + 5?
0
0 + -5 + -4 + 5 + -1
-5
2 + (3 + 3 - 9)
-1
What is 3 - -1 - (-11 + 16)?
-1
Evaluate -7 + 1 - (-11 + 7).
-2
W